







{"id":279,"date":"2017-05-16T12:15:15","date_gmt":"2017-05-16T10:15:15","guid":{"rendered":"http:\/\/localhost\/rugbyclubvesoul\/?page_id=279"},"modified":"2018-10-01T19:24:34","modified_gmt":"2018-10-01T17:24:34","slug":"equipe-1ere","status":"publish","type":"page","link":"http:\/\/rugby-vesoul.net\/?page_id=279","title":{"rendered":"Equipe 1ere"},"content":{"rendered":"\t\t<div data-elementor-type=\"wp-post\" data-elementor-id=\"279\" class=\"elementor elementor-279 elementor-bc-flex-widget\" data-elementor-settings=\"[]\">\n\t\t\t\t\t\t<div class=\"elementor-inner\">\n\t\t\t\t\t\t\t<div class=\"elementor-section-wrap\">\n\t\t\t\t\t\t\t<section class=\"elementor-section elementor-top-section elementor-element elementor-element-kkxi35m elementor-section-boxed elementor-section-height-default elementor-section-height-default\" data-id=\"kkxi35m\" data-element_type=\"section\">\n\t\t\t\t\t\t<div class=\"elementor-container elementor-column-gap-default\">\n\t\t\t\t\t\t\t<div class=\"elementor-row\">\n\t\t\t\t\t<div class=\"elementor-column elementor-col-100 elementor-top-column elementor-element elementor-element-7euc77l\" data-id=\"7euc77l\" data-element_type=\"column\">\n\t\t\t<div class=\"elementor-column-wrap elementor-element-populated\">\n\t\t\t\t\t\t\t<div class=\"elementor-widget-wrap\">\n\t\t\t\t\t\t<div class=\"elementor-element elementor-element-v54c14n elementor-widget elementor-widget-heading\" data-id=\"v54c14n\" data-element_type=\"widget\" data-widget_type=\"heading.default\">\n\t\t\t\t<div class=\"elementor-widget-container\">\n\t\t\t<h2 class=\"elementor-heading-title elementor-size-default\">LE STAFF<\/h2>\t\t<\/div>\n\t\t\t\t<\/div>\n\t\t\t\t\t\t<\/div>\n\t\t\t\t\t<\/div>\n\t\t<\/div>\n\t\t\t\t\t\t\t\t<\/div>\n\t\t\t\t\t<\/div>\n\t\t<\/section>\n\t\t\t\t<section class=\"elementor-section elementor-top-section elementor-element elementor-element-cefawrn elementor-section-boxed elementor-section-height-default elementor-section-height-default\" data-id=\"cefawrn\" data-element_type=\"section\">\n\t\t\t\t\t\t<div class=\"elementor-container elementor-column-gap-default\">\n\t\t\t\t\t\t\t<div class=\"elementor-row\">\n\t\t\t\t\t<div class=\"elementor-column elementor-col-50 elementor-top-column elementor-element elementor-element-vw85jbq\" data-id=\"vw85jbq\" data-element_type=\"column\">\n\t\t\t<div class=\"elementor-column-wrap elementor-element-populated\">\n\t\t\t\t\t\t\t<div class=\"elementor-widget-wrap\">\n\t\t\t\t\t\t<div class=\"elementor-element elementor-element-qjfiy7r elementor-widget elementor-widget-heading\" data-id=\"qjfiy7r\" data-element_type=\"widget\" data-widget_type=\"heading.default\">\n\t\t\t\t<div class=\"elementor-widget-container\">\n\t\t\t<h2 class=\"elementor-heading-title elementor-size-default\">ENTRAINEUR<\/h2>\t\t<\/div>\n\t\t\t\t<\/div>\n\t\t\t\t<div class=\"elementor-element elementor-element-bw32zzp elementor-widget elementor-widget-image\" data-id=\"bw32zzp\" data-element_type=\"widget\" data-widget_type=\"image.default\">\n\t\t\t\t<div class=\"elementor-widget-container\">\n\t\t\t\t\t<div class=\"elementor-image\">\n\t\t\t\t\t\t\t<figure class=\"wp-caption\">\n\t\t\t\t\t\t\t\t\t\t<img width=\"200\" height=\"300\" src=\"http:\/\/rugby-vesoul.net\/wp-content\/uploads\/2017\/05\/IMG_1906-200x300.jpg\" class=\"attachment-medium size-medium\" alt=\"\" loading=\"lazy\" srcset=\"http:\/\/rugby-vesoul.net\/wp-content\/uploads\/2017\/05\/IMG_1906-200x300.jpg 200w, http:\/\/rugby-vesoul.net\/wp-content\/uploads\/2017\/05\/IMG_1906-768x1152.jpg 768w, http:\/\/rugby-vesoul.net\/wp-content\/uploads\/2017\/05\/IMG_1906-683x1024.jpg 683w, http:\/\/rugby-vesoul.net\/wp-content\/uploads\/2017\/05\/IMG_1906-53x80.jpg 53w\" sizes=\"(max-width: 200px) 100vw, 200px\" \/>\t\t\t\t\t\t\t\t\t\t\t<figcaption class=\"widget-image-caption wp-caption-text\">MARBOUTIE Bruno<\/figcaption>\n\t\t\t\t\t\t\t\t\t\t<\/figure>\n\t\t\t\t\t<\/div>\n\t\t\t\t<\/div>\n\t\t\t\t<\/div>\n\t\t\t\t\t\t<\/div>\n\t\t\t\t\t<\/div>\n\t\t<\/div>\n\t\t\t\t<div class=\"elementor-column elementor-col-50 elementor-top-column elementor-element elementor-element-srg6ig5\" data-id=\"srg6ig5\" data-element_type=\"column\">\n\t\t\t<div class=\"elementor-column-wrap elementor-element-populated\">\n\t\t\t\t\t\t\t<div class=\"elementor-widget-wrap\">\n\t\t\t\t\t\t<div class=\"elementor-element elementor-element-1h0lrxu elementor-widget elementor-widget-heading\" data-id=\"1h0lrxu\" data-element_type=\"widget\" data-widget_type=\"heading.default\">\n\t\t\t\t<div class=\"elementor-widget-container\">\n\t\t\t<h2 class=\"elementor-heading-title elementor-size-default\">ENTRAINEUR<\/h2>\t\t<\/div>\n\t\t\t\t<\/div>\n\t\t\t\t<div class=\"elementor-element elementor-element-rvelitl elementor-widget elementor-widget-image\" data-id=\"rvelitl\" data-element_type=\"widget\" data-widget_type=\"image.default\">\n\t\t\t\t<div class=\"elementor-widget-container\">\n\t\t\t\t\t<div class=\"elementor-image\">\n\t\t\t\t\t\t\t<figure class=\"wp-caption\">\n\t\t\t\t\t\t\t\t\t\t<img width=\"200\" height=\"300\" src=\"http:\/\/rugby-vesoul.net\/wp-content\/uploads\/2017\/05\/IMG_1970-1-200x300.jpg\" class=\"attachment-medium size-medium\" alt=\"\" loading=\"lazy\" srcset=\"http:\/\/rugby-vesoul.net\/wp-content\/uploads\/2017\/05\/IMG_1970-1-200x300.jpg 200w, http:\/\/rugby-vesoul.net\/wp-content\/uploads\/2017\/05\/IMG_1970-1-768x1152.jpg 768w, http:\/\/rugby-vesoul.net\/wp-content\/uploads\/2017\/05\/IMG_1970-1-683x1024.jpg 683w, http:\/\/rugby-vesoul.net\/wp-content\/uploads\/2017\/05\/IMG_1970-1-53x80.jpg 53w\" sizes=\"(max-width: 200px) 100vw, 200px\" \/>\t\t\t\t\t\t\t\t\t\t\t<figcaption class=\"widget-image-caption wp-caption-text\">MARECHAL Thomas<\/figcaption>\n\t\t\t\t\t\t\t\t\t\t<\/figure>\n\t\t\t\t\t<\/div>\n\t\t\t\t<\/div>\n\t\t\t\t<\/div>\n\t\t\t\t\t\t<\/div>\n\t\t\t\t\t<\/div>\n\t\t<\/div>\n\t\t\t\t\t\t\t\t<\/div>\n\t\t\t\t\t<\/div>\n\t\t<\/section>\n\t\t\t\t<section class=\"elementor-section elementor-top-section elementor-element elementor-element-4wyzx2b elementor-section-boxed elementor-section-height-default elementor-section-height-default\" data-id=\"4wyzx2b\" data-element_type=\"section\">\n\t\t\t\t\t\t<div class=\"elementor-container elementor-column-gap-default\">\n\t\t\t\t\t\t\t<div class=\"elementor-row\">\n\t\t\t\t\t<div class=\"elementor-column elementor-col-100 elementor-top-column elementor-element elementor-element-imgwt3m\" data-id=\"imgwt3m\" data-element_type=\"column\">\n\t\t\t<div class=\"elementor-column-wrap elementor-element-populated\">\n\t\t\t\t\t\t\t<div class=\"elementor-widget-wrap\">\n\t\t\t\t\t\t<div class=\"elementor-element elementor-element-kiw6hsn elementor-widget elementor-widget-heading\" data-id=\"kiw6hsn\" data-element_type=\"widget\" data-widget_type=\"heading.default\">\n\t\t\t\t<div class=\"elementor-widget-container\">\n\t\t\t<h2 class=\"elementor-heading-title elementor-size-default\">L'\u00e9quipe<\/h2>\t\t<\/div>\n\t\t\t\t<\/div>\n\t\t\t\t<div class=\"elementor-element elementor-element-h1knlfg elementor-arrows-position-inside elementor-widget elementor-widget-image-carousel\" data-id=\"h1knlfg\" data-element_type=\"widget\" data-settings=\"{&quot;navigation&quot;:&quot;arrows&quot;,&quot;slides_to_show&quot;:&quot;2&quot;,&quot;autoplay&quot;:&quot;yes&quot;,&quot;pause_on_hover&quot;:&quot;yes&quot;,&quot;pause_on_interaction&quot;:&quot;yes&quot;,&quot;autoplay_speed&quot;:5000,&quot;infinite&quot;:&quot;yes&quot;,&quot;speed&quot;:500}\" data-widget_type=\"image-carousel.default\">\n\t\t\t\t<div class=\"elementor-widget-container\">\n\t\t\t\t\t<div class=\"elementor-image-carousel-wrapper swiper-container\" dir=\"ltr\">\n\t\t\t<div class=\"elementor-image-carousel swiper-wrapper\">\n\t\t\t\t<div class=\"swiper-slide\"><figure class=\"swiper-slide-inner\"><img class=\"swiper-slide-image\" src=\"http:\/\/rugby-vesoul.net\/wp-content\/uploads\/2017\/10\/IMG_1879-1-150x150.jpg\" alt=\"GAILLARD Gr\u00e9gory \nposte: 2\u00e8me ligne\" \/><figcaption class=\"elementor-image-carousel-caption\">GAILLARD Gr\u00e9gory \nposte: 2\u00e8me ligne<\/figcaption><\/figure><\/div><div class=\"swiper-slide\"><figure class=\"swiper-slide-inner\"><img class=\"swiper-slide-image\" src=\"http:\/\/rugby-vesoul.net\/wp-content\/uploads\/2017\/10\/IMG_1972-150x150.jpg\" alt=\"OUDIN Baptiste poste :\" \/><figcaption class=\"elementor-image-carousel-caption\">OUDIN Baptiste poste :<\/figcaption><\/figure><\/div><div class=\"swiper-slide\"><figure class=\"swiper-slide-inner\"><img class=\"swiper-slide-image\" src=\"http:\/\/rugby-vesoul.net\/wp-content\/uploads\/2017\/10\/IMG_1903-150x150.jpg\" alt=\"MATHIS Thomas poste:\" \/><figcaption class=\"elementor-image-carousel-caption\">MATHIS Thomas poste:<\/figcaption><\/figure><\/div><div class=\"swiper-slide\"><figure class=\"swiper-slide-inner\"><img class=\"swiper-slide-image\" src=\"http:\/\/rugby-vesoul.net\/wp-content\/uploads\/2017\/10\/IMG_1902-150x150.jpg\" alt=\"SITTERLIN Arnaud poste:\" \/><figcaption class=\"elementor-image-carousel-caption\">SITTERLIN Arnaud poste:<\/figcaption><\/figure><\/div><div class=\"swiper-slide\"><figure class=\"swiper-slide-inner\"><img class=\"swiper-slide-image\" src=\"http:\/\/rugby-vesoul.net\/wp-content\/uploads\/2017\/05\/siterlin-guillaume-150x150.jpg\" alt=\"Nom:SITTERLIN Guillaume Poste:\" \/><figcaption class=\"elementor-image-carousel-caption\">SITTERLIN Guillaume Poste:<\/figcaption><\/figure><\/div><div class=\"swiper-slide\"><figure class=\"swiper-slide-inner\"><img class=\"swiper-slide-image\" src=\"http:\/\/rugby-vesoul.net\/wp-content\/uploads\/2017\/10\/IMG_1900-150x150.jpg\" alt=\"HALPER Boris poste:\" \/><figcaption class=\"elementor-image-carousel-caption\">HALPER Boris poste:<\/figcaption><\/figure><\/div><div class=\"swiper-slide\"><figure class=\"swiper-slide-inner\"><img class=\"swiper-slide-image\" src=\"http:\/\/rugby-vesoul.net\/wp-content\/uploads\/2017\/10\/IMG_1897-150x150.jpg\" alt=\"RONCHI Anthony poste:\" \/><figcaption class=\"elementor-image-carousel-caption\">RONCHI Anthony poste:<\/figcaption><\/figure><\/div><div class=\"swiper-slide\"><figure class=\"swiper-slide-inner\"><img class=\"swiper-slide-image\" src=\"http:\/\/rugby-vesoul.net\/wp-content\/uploads\/2017\/10\/IMG_1871-150x150.jpg\" alt=\"RICHE Guillaume poste:\" \/><figcaption class=\"elementor-image-carousel-caption\">RICHE Guillaume poste:<\/figcaption><\/figure><\/div><div class=\"swiper-slide\"><figure class=\"swiper-slide-inner\"><img class=\"swiper-slide-image\" src=\"http:\/\/rugby-vesoul.net\/wp-content\/uploads\/2017\/10\/IMG_1865-1-150x150.jpg\" alt=\"FAVEAUX Laurent poste:\" \/><figcaption class=\"elementor-image-carousel-caption\">FAVEAUX Laurent poste:<\/figcaption><\/figure><\/div><div class=\"swiper-slide\"><figure class=\"swiper-slide-inner\"><img class=\"swiper-slide-image\" src=\"http:\/\/rugby-vesoul.net\/wp-content\/uploads\/2017\/10\/IMG_1867-1-150x150.jpg\" alt=\"PERROT Jordan poste:\" \/><figcaption class=\"elementor-image-carousel-caption\">PERROT Jordan poste:<\/figcaption><\/figure><\/div><div class=\"swiper-slide\"><figure class=\"swiper-slide-inner\"><img class=\"swiper-slide-image\" src=\"http:\/\/rugby-vesoul.net\/wp-content\/uploads\/2017\/10\/IMG_1880-1-150x150.jpg\" alt=\"REGENT Vincent poste:\" \/><figcaption class=\"elementor-image-carousel-caption\">REGENT Vincent poste:<\/figcaption><\/figure><\/div><div class=\"swiper-slide\"><figure class=\"swiper-slide-inner\"><img class=\"swiper-slide-image\" src=\"http:\/\/rugby-vesoul.net\/wp-content\/uploads\/2017\/10\/IMG_1864-1-150x150.jpg\" alt=\"MOULIS Pierre poste:\" \/><figcaption class=\"elementor-image-carousel-caption\">MOULIS Pierre poste:<\/figcaption><\/figure><\/div><div class=\"swiper-slide\"><figure class=\"swiper-slide-inner\"><img class=\"swiper-slide-image\" src=\"http:\/\/rugby-vesoul.net\/wp-content\/uploads\/2017\/05\/IMG_1886-150x150.jpg\" alt=\"PESENTI Thomas poste :\" \/><figcaption class=\"elementor-image-carousel-caption\">PESENTI Thomas poste :<\/figcaption><\/figure><\/div><div class=\"swiper-slide\"><figure class=\"swiper-slide-inner\"><img class=\"swiper-slide-image\" src=\"http:\/\/rugby-vesoul.net\/wp-content\/uploads\/2017\/05\/IMG_1863-150x150.jpg\" alt=\"FOULON Benjamin poste :\" \/><figcaption class=\"elementor-image-carousel-caption\">FOULON Benjamin poste :<\/figcaption><\/figure><\/div><div class=\"swiper-slide\"><figure class=\"swiper-slide-inner\"><img class=\"swiper-slide-image\" src=\"http:\/\/rugby-vesoul.net\/wp-content\/uploads\/2017\/05\/blanchet-Mathieu-150x150.jpg\" alt=\"BLANCHET Mathieu Poste:\" \/><figcaption class=\"elementor-image-carousel-caption\">BLANCHET Mathieu Poste:<\/figcaption><\/figure><\/div><div class=\"swiper-slide\"><figure class=\"swiper-slide-inner\"><img class=\"swiper-slide-image\" src=\"http:\/\/rugby-vesoul.net\/wp-content\/uploads\/2017\/10\/IMG_1884-150x150.jpg\" alt=\"BONTEMPS Benjamin poste:\" \/><figcaption class=\"elementor-image-carousel-caption\">BONTEMPS Benjamin poste:<\/figcaption><\/figure><\/div>\t\t\t<\/div>\n\t\t\t\t\t\t\t\t\t\t\t\t\t\t\t\t<div class=\"elementor-swiper-button elementor-swiper-button-prev\">\n\t\t\t\t\t\t<i class=\"eicon-chevron-left\" aria-hidden=\"true\"><\/i>\n\t\t\t\t\t\t<span class=\"elementor-screen-only\">Pr\u00e9c\u00e9dent<\/span>\n\t\t\t\t\t<\/div>\n\t\t\t\t\t<div class=\"elementor-swiper-button elementor-swiper-button-next\">\n\t\t\t\t\t\t<i class=\"eicon-chevron-right\" aria-hidden=\"true\"><\/i>\n\t\t\t\t\t\t<span class=\"elementor-screen-only\">Suivant<\/span>\n\t\t\t\t\t<\/div>\n\t\t\t\t\t\t\t\t\t<\/div>\n\t\t\t\t<\/div>\n\t\t\t\t<\/div>\n\t\t\t\t\t\t<\/div>\n\t\t\t\t\t<\/div>\n\t\t<\/div>\n\t\t\t\t\t\t\t\t<\/div>\n\t\t\t\t\t<\/div>\n\t\t<\/section>\n\t\t\t\t<section class=\"elementor-section elementor-top-section elementor-element elementor-element-vfmpbgl elementor-section-boxed elementor-section-height-default elementor-section-height-default\" data-id=\"vfmpbgl\" data-element_type=\"section\">\n\t\t\t\t\t\t<div class=\"elementor-container elementor-column-gap-default\">\n\t\t\t\t\t\t\t<div class=\"elementor-row\">\n\t\t\t\t\t<div class=\"elementor-column elementor-col-100 elementor-top-column elementor-element elementor-element-3qnvupm\" data-id=\"3qnvupm\" data-element_type=\"column\">\n\t\t\t<div class=\"elementor-column-wrap\">\n\t\t\t\t\t\t\t<div class=\"elementor-widget-wrap\">\n\t\t\t\t\t\t\t\t<\/div>\n\t\t\t\t\t<\/div>\n\t\t<\/div>\n\t\t\t\t\t\t\t\t<\/div>\n\t\t\t\t\t<\/div>\n\t\t<\/section>\n\t\t\t\t<section class=\"elementor-section elementor-top-section elementor-element elementor-element-fp932wf elementor-section-boxed elementor-section-height-default elementor-section-height-default\" data-id=\"fp932wf\" data-element_type=\"section\">\n\t\t\t\t\t\t<div class=\"elementor-container elementor-column-gap-default\">\n\t\t\t\t\t\t\t<div class=\"elementor-row\">\n\t\t\t\t\t<div class=\"elementor-column elementor-col-100 elementor-top-column elementor-element elementor-element-i8frgys\" data-id=\"i8frgys\" data-element_type=\"column\">\n\t\t\t<div class=\"elementor-column-wrap elementor-element-populated\">\n\t\t\t\t\t\t\t<div class=\"elementor-widget-wrap\">\n\t\t\t\t\t\t<div class=\"elementor-element elementor-element-dk29143 elementor-widget elementor-widget-heading\" data-id=\"dk29143\" data-element_type=\"widget\" data-widget_type=\"heading.default\">\n\t\t\t\t<div class=\"elementor-widget-container\">\n\t\t\t<h2 class=\"elementor-heading-title elementor-size-default\">Le soigneur<\/h2>\t\t<\/div>\n\t\t\t\t<\/div>\n\t\t\t\t\t\t<\/div>\n\t\t\t\t\t<\/div>\n\t\t<\/div>\n\t\t\t\t\t\t\t\t<\/div>\n\t\t\t\t\t<\/div>\n\t\t<\/section>\n\t\t\t\t<section class=\"elementor-section elementor-top-section elementor-element elementor-element-j1j16sh elementor-section-boxed elementor-section-height-default elementor-section-height-default\" data-id=\"j1j16sh\" data-element_type=\"section\">\n\t\t\t\t\t\t<div class=\"elementor-container elementor-column-gap-default\">\n\t\t\t\t\t\t\t<div class=\"elementor-row\">\n\t\t\t\t\t<div class=\"elementor-column elementor-col-100 elementor-top-column elementor-element elementor-element-0iyipd8\" data-id=\"0iyipd8\" data-element_type=\"column\">\n\t\t\t<div class=\"elementor-column-wrap elementor-element-populated\">\n\t\t\t\t\t\t\t<div class=\"elementor-widget-wrap\">\n\t\t\t\t\t\t<div class=\"elementor-element elementor-element-i5caajm elementor-widget elementor-widget-image\" data-id=\"i5caajm\" data-element_type=\"widget\" data-widget_type=\"image.default\">\n\t\t\t\t<div class=\"elementor-widget-container\">\n\t\t\t\t\t<div class=\"elementor-image\">\n\t\t\t\t\t\t\t<figure class=\"wp-caption\">\n\t\t\t\t\t\t\t\t\t\t<img width=\"150\" height=\"150\" src=\"http:\/\/rugby-vesoul.net\/wp-content\/uploads\/2017\/05\/IMG_1857-150x150.jpg\" class=\"attachment-thumbnail size-thumbnail\" alt=\"\" loading=\"lazy\" \/>\t\t\t\t\t\t\t\t\t\t\t<figcaption class=\"widget-image-caption wp-caption-text\">Millerand Richard<\/figcaption>\n\t\t\t\t\t\t\t\t\t\t<\/figure>\n\t\t\t\t\t<\/div>\n\t\t\t\t<\/div>\n\t\t\t\t<\/div>\n\t\t\t\t\t\t<\/div>\n\t\t\t\t\t<\/div>\n\t\t<\/div>\n\t\t\t\t\t\t\t\t<\/div>\n\t\t\t\t\t<\/div>\n\t\t<\/section>\n\t\t\t\t<section class=\"elementor-section elementor-top-section elementor-element elementor-element-h28ve5u elementor-section-boxed elementor-section-height-default elementor-section-height-default\" data-id=\"h28ve5u\" data-element_type=\"section\">\n\t\t\t\t\t\t<div class=\"elementor-container elementor-column-gap-default\">\n\t\t\t\t\t\t\t<div class=\"elementor-row\">\n\t\t\t\t\t<div class=\"elementor-column elementor-col-100 elementor-top-column elementor-element elementor-element-ptnldjj\" data-id=\"ptnldjj\" data-element_type=\"column\">\n\t\t\t<div class=\"elementor-column-wrap elementor-element-populated\">\n\t\t\t\t\t\t\t<div class=\"elementor-widget-wrap\">\n\t\t\t\t\t\t<div class=\"elementor-element elementor-element-kstxe6v elementor-widget elementor-widget-text-editor\" data-id=\"kstxe6v\" data-element_type=\"widget\" data-widget_type=\"text-editor.default\">\n\t\t\t\t<div class=\"elementor-widget-container\">\n\t\t\t\t\t<div class=\"elementor-text-editor elementor-clearfix\"><p><strong>Arriv\u00e9es :<br \/><\/strong><\/p><p>Goulley Amaury (Fc san claudien) , Pinet Jean (Fc san claudien) , Barberat Florian , Godiveau Thibault ( Grand Dole) , Vermot-Desroches ( US Baumes les Dames) , Charlot\u00a0 Buon ( Sallanches) , Malta Julien (US Baumes les Dames) <\/p><p><strong>Retours:<\/strong><\/p><p>Gevrey Robin , Guiton Florian , Guillot Tristan ( ASC St Apollinaire Rugby) , Magnat Jules ( titulaire double licence RC Auxerre &#8211; RC Vesoul)<\/p><p><strong>D\u00e9parts:<\/strong>\u00a0\u00a0<\/p><p>Berceot Ga\u00ebtan ( retour US Dole )<\/p><\/div>\n\t\t\t\t<\/div>\n\t\t\t\t<\/div>\n\t\t\t\t\t\t<\/div>\n\t\t\t\t\t<\/div>\n\t\t<\/div>\n\t\t\t\t\t\t\t\t<\/div>\n\t\t\t\t\t<\/div>\n\t\t<\/section>\n\t\t\t\t\t\t<\/div>\n\t\t\t\t\t\t<\/div>\n\t\t\t\t\t<\/div>\n\t\t","protected":false},"excerpt":{"rendered":"<p>LE STAFF ENTRAINEUR MARBOUTIE Bruno ENTRAINEUR MARECHAL Thomas L&rsquo;\u00e9quipe GAILLARD Gr\u00e9gory poste: 2\u00e8me ligne OUDIN Baptiste poste : MATHIS Thomas poste: SITTERLIN Arnaud poste: SITTERLIN Guillaume Poste: HALPER Boris poste: RONCHI Anthony poste: RICHE Guillaume poste: FAVEAUX Laurent poste: PERROT Jordan poste: REGENT Vincent poste: MOULIS Pierre poste: PESENTI Thomas [&hellip;]<\/p>\n","protected":false},"author":1,"featured_media":0,"parent":0,"menu_order":0,"comment_status":"closed","ping_status":"closed","template":"","meta":[],"_links":{"self":[{"href":"http:\/\/rugby-vesoul.net\/index.php?rest_route=\/wp\/v2\/pages\/279"}],"collection":[{"href":"http:\/\/rugby-vesoul.net\/index.php?rest_route=\/wp\/v2\/pages"}],"about":[{"href":"http:\/\/rugby-vesoul.net\/index.php?rest_route=\/wp\/v2\/types\/page"}],"author":[{"embeddable":true,"href":"http:\/\/rugby-vesoul.net\/index.php?rest_route=\/wp\/v2\/users\/1"}],"replies":[{"embeddable":true,"href":"http:\/\/rugby-vesoul.net\/index.php?rest_route=%2Fwp%2Fv2%2Fcomments&post=279"}],"version-history":[{"count":24,"href":"http:\/\/rugby-vesoul.net\/index.php?rest_route=\/wp\/v2\/pages\/279\/revisions"}],"predecessor-version":[{"id":1311,"href":"http:\/\/rugby-vesoul.net\/index.php?rest_route=\/wp\/v2\/pages\/279\/revisions\/1311"}],"wp:attachment":[{"href":"http:\/\/rugby-vesoul.net\/index.php?rest_route=%2Fwp%2Fv2%2Fmedia&parent=279"}],"curies":[{"name":"wp","href":"https:\/\/api.w.org\/{rel}","templated":true}]}}